 y + 0*w - 33 = -w. Suppose 5*b - 31 - y = 0. Suppose -b = -0*p - p. What is the tens digit of p?
1
Let q = 4775 + -3277. What is the units digit of q?
8
Let k(m) = m**2 - 12*m + 3. Let l be k(12). Suppose l*s + 350 = 10*s. What is the units digit of s?
0
Let c(j) = -5*j**2 - 6*j + 4*j + j**3 + 9 + 0*j**3. Let r = -46 + 52. What is the tens digit of c(r)?
3
Suppose -3*g = -2*o + g + 1066, -3*o = -3*g - 1584. What is the units digit of o?
3
Let t be (56/35)/((-4)/(-710)). Suppose -4*f - t = -2*o, 2*o + o - 456 = -4*f. What is the tens digit of o?
4
Let k(x) = 6*x**2 + 4*x + 27. What is the units digit of k(7)?
9
Suppose -1 = u, 2*y = -2*u + 403 + 445. What is the units digit of y?
5
Let z = -982 - -4254. What is the units digit of z?
2
Let u be (-2)/(10/(-8)*(-4)/20). Suppose 3*z = 2*f - 57, -110 - 44 = -4*f - 2*z. Let x = f - u. What is the tens digit of x?
4
Let c(w) = 26*w - 1. Suppose -20 = -5*h - 3*n, 2*n - 10 = -3*h + 2. Suppose 0 = 4*q - 0 - h. What is the units digit of c(q)?
5
Let o = 997 + -506. What is the tens digit of o?
9
Suppose 3*b = -2*a + a + 3136, -2*b = -2*a - 2080. What is the thousands digit of b?
1
Let l(u) = 2*u + 21. What is the units digit of l(16)?
3
Suppose 4*p = 5*f - 550, 5*p - p = -4*f + 476. Suppose 4*w = -b - b + 76, -2*w = -3*b + f. What is the units digit of b?
8
Let i(g) = -12*g**3 - 11*g**2 - 20*g + 7. What is the units digit of i(-5)?
2
Suppose -w + 2*w + 3 = -v, 0 = 2*w - 2. What is the tens digit of (0 - -56)*(-3)/v?
4
Let w(c) = -4*c**2 - 5*c + 4. Let q be w(-8). Let x = q - -298. What is the units digit of x?
6
Let j = 23 - 16. Let m = j - 21. What is the tens digit of (24/m)/((-7)/49)?
1
Let c be (-3 + 0 + 2)*0. Suppose 10*y - 1029 + 209 = c. What is the units digit of y?
2
Let p be -2 - (-1 - (-5 - 0)). Let j be (p/18)/((-1)/6). Suppose -2*q - j*q + 48 = 0. What is the units digit of q?
2
Suppose 1786 = 4*v + u, 4*v = -9*u + 6*u + 1790. What is the units digit of v?
6
Let z be (-61)/4 + 1/4. Let g(b) = -b + 2*b - 6*b + 4*b - 10. What is the units digit of g(z)?
5
Suppose m - 3 = -x, m = -m + 2*x - 6. Suppose c + 40 = 2*z + 5*c, z - 5*c + 15 = m. Suppose -u - u - 2*o = -z, -u + 35 = -5*o. What is the units digit of u?
0
Let u(o) = 4*o**3 - 13*o**2 - 8*o + 10. Let w(j) = -3*j**3 + 12*j**2 + 8*j - 11. Let z(y) = 2*u(y) + 3*w(y). What is the tens digit of z(6)?
7
What is the units digit of (-24)/16 + 553/2?
5
Let a be (-5 - 155/(-10))*(-8)/3. Suppose 6 = -s - 45. Let n = a - s. What is the units digit of n?
3
Let h = -2 + 4. Suppose -h*x + 36 + 149 = 3*r, -r + 70 = -x. Suppose r = 4*l - 11. What is the units digit of l?
9
Let q = 798 - 469. What is the tens digit of q?
2
Let c(a) = -a + 19. Let k be c(17). What is the tens digit of (-4 + (2 - k))*(-215)/20?
4
Suppose 5 = 3*g - 2*a, -2 = 4*g - 3*g + 3*a. What is the units digit of 0/(g + -2 + -2) + 16?
6
Suppose 35 + 7 = 2*x - 5*f, -4*f = x - 47. Suppose 2*a = -2*b + 30, 3*a + x = 2*b - b. Suppose -4*h = -b - 53. What is the units digit of h?
8
What is the tens digit of (3 + 157)/((-44)/(-110))?
0
Let m(k) = 2*k**2 + 2*k + 4. What is the tens digit of m(-6)?
6
Suppose -3*q + 1140 = 12*q. Suppose 2*x - 5*x = 138. Let b = x + q. What is the tens digit of b?
3
Let u(o) = -3*o**2 - 7 + 2*o**2 + o**3 - 6*o**2. What is the tens digit of u(8)?
5
Let h(v) = -v**3 - 30*v**2 + 125*v + 90. What is the hundreds digit of h(-35)?
8
Let t be (-255)/30 + 1/2. Let u(f) be the second derivative of -f**4/12 - 7*f**3/3 - 2*f. What is the units digit of u(t)?
8
Let b = -7 - -10. Let g(t) = 5 + 0*t**3 - t + 2*t**3 + 9*t - 7*t**2 - b*t**3. What is the units digit of g(-8)?
5
Let j(f) = -f + 1. Let u be j(-12). Let o = -10 + u. What is the units digit of (o + 76/2)/1?
1
Suppose -4*l - 2*x = -1762, 0*x + 1323 = 3*l + 3*x. What is the units digit of l?
0
Let i(v) = v. Let n be i(3). Suppose -5*w + 28 = n. Suppose -5*u - 3*p + 132 = -p, u + w*p - 31 = 0. What is the units digit of u?
6
Let f(m) = 0*m + 7 + 6 - 19 - 2*m. Let r be f(-4). Suppose r*g - 1 = -3*y + 37, 2*y + 3*g - 22 = 0. What is the tens digit of y?
1
Let z be 1 + -2 + (11 - 1). Suppose z*a - 3*a + 6 = 0. Let p(c) = -32*c. What is the units digit of p(a)?
2
Let m(x) = 5*x - 15. Let w(c) = -2*c - 1. Let t(v) = 5*m(v) + 5*w(v). What is the units digit of t(12)?
0
Let n = -705 - -878. What is the hundreds digit of n?
1
Let g(v) = -2*v**2 - 8*v - 5. Let q(w) = 3*w**2 + 8*w + 4. Let n(p) = -5*g(p) - 4*q(p). Let a be n(7). Let f = -18 - a. What is the units digit of f?
5
Suppose 37*a - 35*a = 1746. What is the tens digit of a?
7
Let n = -98 + 103. Suppose l + 3*l = n*c + 320, 0 = 2*c. What is the units digit of l?
0
Let d be -3*(-1 + 2) - 15. Let m be ((-3)/1)/(d/(-12)). What is the tens digit of (26/4)/((-1)/m)?
1
What is the tens digit of ((-7948)/(-10) - 0)/((-6)/(-15))?
8
Suppose 5 = 5*d - 0, -2*d = -j - 5. Let v be j*(-1 - 2/(-6)). Suppose y + 0*n - v*n + 1 = 0, 2*n + 27 = 5*y. What is the units digit of y?
7
Let j = 2169 + 263. What is the thousands digit of j?
2
Let m(r) = 45*r**2 - r - 1. Let k be m(-1). Suppose -k - 33 = -a. What is the tens digit of a?
7
Let t(v) = 41*v**2 + 41*v - 214. What is the thousands digit of t(7)?
2
Let l(y) = -y**2 + 10*y + 2. Let w be l(10). Suppose 2*r - 110 = -w*v, -4*v - 2*r = -6*r - 252. What is the units digit of v?
9
Let d(f) = 7*f**2 + 14*f + 91. What is the thousands digit of d(-20)?
2
Suppose 0 = 7*u + 34*u - 697. Let f(z) = -z**3 + 5*z**2 + 5*z + 5. Let r be f(6). Let n = r + u. What is the units digit of n?
6
Suppose 4 = -d + 6. Let a(p) = 18*p**2 - p + 1. What is the units digit of a(d)?
1
Suppose -4*q = -16, -g - g + 430 = 5*q. What is the units digit of g?
5
Suppose 5*j - 50 - 5 = 0. Let p = j - 11. Suppose a - x = -6*x - 17, p = -2*a - 2*x - 2. What is the units digit of a?
3
Let h be (56/(-42))/((-2)/6). Suppose h - 16 = -4*v, 3*v - 14 = -5*d. What is the units digit of d?
1
Suppose -13*g + 5*g = 896. Let s = g - -158. What is the units digit of s?
6
Let x(j) = -156*j + 5. Let r be x(-1). Let y = r - 113. What is the tens digit of y?
4
Suppose 0 = -r + 74 - 14. What is the units digit of r?
0
Let y = 36 - 24. What is the tens digit of 2/y + 909/54?
1
Let s = 2 + 3. Suppose -s*y = 3*b - 0*y + 25, 4*y - 14 = b. Let o = b + 17. What is the units digit of o?
7
Suppose m + o - 37 = -11, -5*o + 46 = m. Let n be -5*(-6)/60*0. Suppose n = -2*u - u + m. What is the units digit of u?
7
Let r = -1110 + 1636. Suppose -2*k + r - 178 = 0. What is the units digit of k?
4
Let g(t) = -t**2 + 34*t - 70. Suppose 5*u = 96 + 44. What is the units digit of g(u)?
8
Let d(v) = -v**3 + 6*v**2 + 6*v + 263. What is the units digit of d(-13)?
6
Suppose 50*d - 306212 = 688. What is the thousands digit of d?
6
Suppose 4*h + 0*k + 2*k = 10, 25 = 5*k. Suppose h = -0*r - r + 63. What is the tens digit of r?
6
Suppose -3*z - 1 = 8. What is the units digit of (14*z/(-6))/1?
7
Let a = -5 + -3. What is the tens digit of ((-11)/4)/(a/640)?
2
Suppose 5*t - 3*b - 753 = 6530, t + 4*b = 1452. What is the tens digit of t?
5
Suppose -3*k - 14 = -5*k - 4*d, -5*k + 7 = -4*d. Let o be (7 - -39) + k + 0. Let t = -21 + o. What is the tens digit of t?
2
Suppose 2*v - 13 = -3*i + 3*v, -3*i + 3*v + 15 = 0. What is the tens digit of 16/i - -271 - (-1)/1?
7
Let h(t) = t**3 + 7*t**2 - 6*t + 10. Let i be h(-8). Let a be (3/i)/(1/(-34)). Let j = a + -7. What is the tens digit of j?
1
Let o(h) = -h**3 + 22*h**2 + 65*h - 86. What is the units digit of o(20)?
4
Suppose -r - 82 = -0*r. Let g = r - -34. What is the units digit of ((-14)/4)/(8/g)?
1
Let t = -18 - -130. What is the hundreds digit of t?
1
Let y = -5 + 19. Let i = y - 3. Let m = 34 - i. What is the units digit of m?
3
Let l(m) = -m**2 - 8*m - 6. Let p be l(-5). Let n = -5 + p. Suppose -5*d - 70 - 27 = -2*q, 0 = -4*q - n*d + 152. What is the units digit of q?
1
Suppose 3*v + 0*b = b + 32, -2*v + b + 20 = 0. Let i = 12 + -15. What is the units digit of (v/8)/(i/(-12))?
6
Let h = -25 + 123. What is the tens digit of h?
9
Let v be -4 - 1 - (1 + -4). Let t be 2 - (-7 + 3 - v). What is the tens digit of t + (-4 + 5 - -11)?
1
Let v(r) be the first derivative of -r**3/3 + 2*r**2 - 1. Let t be v(4). Suppose 3*b - 3*x - 48 = t, -2*b + 42 - 4 = -4*x. What is the tens digit of 